. Let u be m(t). Suppose u = -4*l + 34. List the prime factors of l.
2
Let g be (-10)/25 + (-66)/(-15). Suppose g*n - 5*n = -39. What are the prime factors of n?
3, 13
Suppose -462 = -2*c - 4*c. Let j = c + -21. What are the prime factors of j?
2, 7
Suppose 3*p - 492 = -132. Suppose r + 2 = -4*t + 162, -3*t + p = -4*r. List the prime factors of t.
2, 5
Let n(x) = -3 + 0 - 12 + 11 + 65*x. What are the prime factors of n(2)?
2, 3, 7
Suppose 6*m + 26962 = 32*m. List the prime factors of m.
17, 61
Suppose 4*k = 5*k - 15. Suppose -4*i = 2*m - 348, m - k - 164 = -i. What are the prime factors of m?
2, 23
Let w = 938 - -30. List the prime factors of w.
2, 11
What are the prime factors of (-87)/(-116) + 194/8?
5
Let v(a) be the third derivative of -a**6/120 + 2*a**5/15 + a**4/12 - a**3/6 - 7*a**2. List the prime factors of v(7).
2, 31
Suppose a + 80 = 6*a. Let x = 52 - a. What are the prime factors of x?
2, 3
Suppose -5 + 29 = 2*i. Let p be 3/(-5)*(-40)/i. Suppose -p = 2*a, -191 = -4*v - 4*a + 3*a. List the prime factors of v.
2, 3
Suppose 0 = -3*t + 8*t + 35. Let q(d) = d**2 + 7*d + 1. Let x be q(t). List the prime factors of (-44)/(-2) - -4*x.
2, 13
Suppose -1169 = -3*r + 4*o, -3*r - 2*r + 1925 = -2*o. What are the prime factors of r?
383
Let m be 5/(-15)*(0 - 0). Suppose m = n - 5 - 0. Suppose -n*r + 9*r = 108. List the prime factors of r.
3
Suppose 22*z - 15*z = 21. Suppose -u + q = -3*q - 101, 5*u = -z*q + 413. What are the prime factors of u?
5, 17
Suppose -14*m = -495 - 1479. What are the prime factors of m?
3, 47
Let t(k) = -51*k - 7. Suppose 5*f + 8 = -2. What are the prime factors of t(f)?
5, 19
Let l(z) = -z**2 + 15*z + 4. Let x(n) = 2*n**2 + 22*n + 13. Let g be x(-11). What are the prime factors of l(g)?
2, 3, 5
Suppose 1397 = 2*m + 3*u, 0 = 4*u + 4 + 8. List the prime factors of m.
19, 37
Let n(h) = -h**2 - 6*h + 3. Let t be n(-6). Suppose -3*y - 4 = 2, t*a = 2*y + 94. What are the prime factors of a?
2, 3, 5
Suppose 11*l = 12*l + 6. Let z(n) be the first derivative of -5*n**2/2 - 2*n + 2. What are the prime factors of z(l)?
2, 7
Let z(n) = n**3 - 5*n**2 - 6*n + 12. Let t be z(6). Suppose 7*g = t*g - 185. What are the prime factors of g?
37
Suppose -6*b + 823 = -2069. What are the prime factors of b?
2, 241
Let a = -1 + -6. Let f be (-1872)/(-84) + 2/a. Suppose -i + v - 2 = -0*i, i - 5*v = -f. What are the prime factors of i?
3
Suppose 4*t - 3704 = -3*u, -3*t + 3*u - 2778 = -6*t. What are the prime factors of t?
2, 463
Let i be (-5)/((-25)/(-7))*-5. Let f(q) = 6*q**2 - i*q**2 - 25*q + 10 + 31*q. What are the prime factors of f(7)?
3
Let s be 6 - 1/4*0. Let w = s - -23. List the prime factors of w.
29
What are the prime factors of 6 + (10818/(-27))/(4/(-6))?
607
Let o(u) = 2*u**2 - 48*u - 8. What are the prime factors of o(-12)?
2, 107
Let l(p) = p**2 - 9*p + 10. Let z be l(11). Suppose -25 = -4*c + u, 5*c + 2*u = 4*u + z. Suppose 4 = -3*d + 16, -5*d = -h - c. What are the prime factors of h?
2, 7
Suppose 0*i = i - 413. Let s = -226 + i. List the prime factors of s.
11, 17
Suppose -q = -0 - 3. Suppose 0 = -5*z + q*h + 306, -5*h = -z - 0*h + 70. What are the prime factors of z?
2, 3, 5
Let f(o) = o**2 + 9*o + 13. Let m be f(-9). Let c = -11 + m. Let h(q) = 2*q**2 - 3*q + 2. What are the prime factors of h(c)?
2
Let u be 4/(-22) + (-34872)/(-132). Suppose -5*q = -0*x - 3*x + 272, -3*x = 3*q - u. List the prime factors of x.
89
Suppose -4*h + g = -3271, 5*g + 159 + 673 = h. List the prime factors of h.
19, 43
Let z = -88 - -57. Let x = 53 + z. What are the prime factors of x?
2, 11
Suppose -5*l + 96 = 16. Suppose -l*a + 288 = -10*a. What are the prime factors of a?
2, 3
Suppose -3*n - 17 = -2*y, -4*n - 3*y = 2*y - 8. Let r be n*(2 - 1)*-1. List the prime factors of (-14)/(r + (-28)/8).
2, 7
Suppose 0 = -t - 5*d + 813, -63*t + 823 = -62*t + 3*d. What are the prime factors of t?
2, 419
Suppose r = 2*r - 4. Suppose r*s = -o - 2, -2*o = 3*s - 4*o + 7. List the prime factors of 244/12 + s/3.
2, 5
Let s(z) = 986*z**2 - z. What are the prime factors of s(-1)?
3, 7, 47
Let w be (350/5)/5 - 2. List the prime factors of (w/(-15))/(1/(-45)).
2, 3
Let p be (-1 + -3 + (4 - 0))/2. Suppose p = -6*a - 59 + 1007. List the prime factors of a.
2, 79
Suppose -5*h + 7260 = 2*c, 5*h + 3*c - 7230 = 7*c. List the prime factors of h.
2, 5, 29
Let q = 12 + -9. Suppose -404 = -q*z + 2*h + 3*h, 0 = 2*z - 5*h - 266. List the prime factors of z.
2, 3, 23
Let j(a) = a - 1. Let f be j(6). Suppose z + 12 - 4 = -5*g, f*z + 18 = -3*g. What are the prime factors of 6/(g - (-19)/16)?
2
Let x(w) = -3*w + 3*w + 11 - 2*w**2 + 0*w - w. Let r be x(0). List the prime factors of 1/(((-1)/r)/(-1)).
11
Suppose 3*m - 339 = -3*p, 547 = 5*m - 3*p - 58. Suppose -m = 5*k - 703. What are the prime factors of k?
3, 13
Let y = -2 - -14. Suppose 3*w + c = -0 + y, -2*w + 8 = -4*c. Suppose w*u - 3 = 97. List the prime factors of u.
5
Suppose -5*d + 15 - 5 = 0. Suppose -5*n + 0*n - 35 = -d*h, -n + 78 = 3*h. What are the prime factors of h?
5
What are the prime factors of (-6)/(-9)*(22308/(-8))/(-11)?
13
Let s(u) = u**3 + 9*u**2 - 9. Let j be s(-10). Let h = -58 - j. What are the prime factors of h?
3, 17
Suppose -46*s + 42*s + 3532 = 2*u, -6 = -3*u. List the prime factors of s.
2, 3, 7
Suppose 9*p - 247 - 2354 = 0. List the prime factors of p.
17
List the prime factors of 31/((3 - 2)*10/20).
2, 31
Let c(w) = 14*w**2 + 7*w - 7*w**2 + 11 - 6*w**2. What are the prime factors of c(-8)?
19
Let o be 43/((-12)/3 - -5). Let q = 55 + o. Let b = q - 45. List the prime factors of b.
53
What are the prime factors of -4 + (-14)/((-84)/5598)?
929
Suppose -3408 = 3*n - 7*n. List the prime factors of n.
2, 3, 71
Suppose -2*g - 5*y - 10 = 0, -4*g + 5*y = -0 - 10. Suppose b - 5*b - 140 = g. Let r = 1 - b. What are the prime factors of r?
2, 3
Let y = 334 - 504. Let k = 374 + y. What are the prime factors of k?
2, 3, 17
Let c be 8/2 + (-18)/(-9). Suppose -5*a = c*a - 495. List the prime factors of a.
3, 5
Let i(d) = d**2 - 8*d + 12. Let v be i(4). Let q = 54 + v. List the prime factors of q.
2, 5
Let r(f) = 29*f**3 - 2*f**2 - f + 2. What are the prime factors of r(2)?
2, 7
Suppose 4*q - 15 = q. Suppose -q*y = -364 + 89. Suppose -9 = -2*m + y. List the prime factors of m.
2
Let c be 2 + (-14)/(-3)*-3. Let v(q) = q**3 - 4*q**2 + 4*q - 2. Let i be v(3). What are the prime factors of (0 - i)*(c + -6)?
2, 3
Let g = 988 - -416. List the prime factors of g.
2, 3, 13
Let d = -815 - -1157. What are the prime factors of d?
2, 3, 19
Let n(x) = -4*x**3 + 11*x**2 + 6*x + 7. Let c(k) = k**3 - k**2 + k. Let r(t) = -3*c(t) - n(t). Let b be r(9). Let z = 21 - b. What are the prime factors of z?
2, 7
Suppose -5*r = -2*r - 300. Let w = r + -52. List the prime factors of w.
2, 3
Let j = 160 - 95. Suppose -j - 5 = -5*y. What are the prime factors of y?
2, 7
Let u = -138 + 387. List the prime factors of u.
3, 83
Suppose -5*n + 2*n + 9 = 2*l, -2*n = 2*l - 6. Suppose -2*d + 2*b + 15 + 29 = 0, -b + 4 = l. What are the prime factors of d?
2, 13
Let b(w) = -13*w - 1. Let r be b(2). Let s = -567 + 637. Let c = r + s. List the prime factors of c.
43
Let y(s) = -2*s - 4. Let x be y(7). What are the prime factors of ((-26)/(-12))/(-13) - 3405/x?
3, 7
Suppose -2*a + 35 = 3*a - 5*f, 0 = 3*a + 5*f - 5. Suppose -a*u + 49 = -1. Suppose -u*l + 9*l + 27 = 0. What are the prime factors of l?
3
Let p(c) = c**3 + 17*c**2 - 37*c - 67. What are the prime factors of p(-17)?
2, 281
Let h(c) = 7*c**2 + 2*c - 22. Suppose -5*a + 7*a + 10 = 0. List the prime factors of h(a).
11, 13
Suppose 44*n = -14*n + 43732. What are the prime factors of n?
2, 13, 29
Let w = 222 + -114. Let x be w/48*8/3. Suppose 2*r + 0 = -4*h - x, -r + 2*h + 17 = 0. List the prime factors of r.
7
Let a(d) be the third derivative of d**6/120 - 3*d**5/20 - 5*d**4/12 + d**3/3 - 6*d**2. Let t be a(10). List the prime factors of (t - 48)*(-4)/8.
23
Let u = 14 - 12. Suppose -6 = -2*k - u*f - 4, 4*f = 3*k - 10. List the prime factors of 98/k + (-2 - -1).
2, 3
Let w be (-18)/4*(0 + -18). Suppose 143 = n - 2*g - w, 4*g = 5*n - 1150. What are the prime factors of n?
2, 3, 13
Let v = 623 + 137. What are the prime factors of v?
2, 5, 19
What are the prime factors of (10 + 1 + 1)/((-12)/(-728))?
2, 7, 